 digit of ((-98)/6 - -18)*11145?
8
Let g(l) = -l + l - l + l**2. Let k be g(-1). Suppose 2*b + 5*n - 24 = 86, b = k*n + 73. What is the units digit of b?
5
Let i be -1 + -2 - (5 + -5 - 2). What is the units digit of (0 - -1005) + 2 + (i - 1)?
5
Suppose 47*r + 11293920 = 415*r. What is the tens digit of r?
9
Suppose 0 = 32*h - 417098 - 823518 + 350920. What is the units digit of h?
3
Let f = 423 + -420. Suppose 2541 = 3*b - f*g, -2*b = 2*g + 2*g - 1670. What is the units digit of b?
3
Suppose 0 = -5*f - 5 - 5. Let j be 1/(8/(-12) - 1/f). Let t = 12 + j. What is the units digit of t?
6
Let x(u) = 8416*u**2 + 82*u + 165. What is the units digit of x(-2)?
5
What is the units digit of 32023 - (77/44*-4 + 9)?
1
Let a(w) = -w**3 - 18*w**2 + 19*w - 1. Let i be a(-19). Let b be i + 19 + -3 + 4. Suppose -v = -10 - b. What is the tens digit of v?
2
Let u be 0*((-16)/(-8) + 18/(-8)). Suppose 3*p - 3*b - 2472 = u, -p - 7*b = -12*b - 836. What is the hundreds digit of p?
8
Let g be 2*-2*(-2)/(-4). Let d be (g - (-116)/3)*(-18)/3. Let w = 353 + d. What is the units digit of w?
3
Suppose 191*r + n - 38402 = 189*r, -5*n - 19168 = -r. What is the tens digit of r?
9
Let f(w) = 85*w + 2065. What is the thousands digit of f(19)?
3
Let i(y) = -10*y + 3*y - 3*y + 72 + y**2 - 2*y. What is the tens digit of i(11)?
6
Let w(k) = -22*k**3 - 2*k**2 - 3*k - 6. Let l(i) = -2*i + 4. Let h be l(3). What is the hundreds digit of w(h)?
1
Let d(f) = -37*f**2 + 7*f - 42. Let j be d(5). Let o = j - -1796. What is the hundreds digit of o?
8
Let h(r) = r**3 + 11*r**2 - r + 9. Let m be 4/(-14) + 256/14. Let c be m/((-7 - -3)/2). What is the units digit of h(c)?
0
Let b be (-9646)/(-13) + (1 - -2) + 2. Suppose 610 + 295 = 5*t - 2*n, 0 = 4*t + 3*n - b. What is the units digit of t?
3
Let s be 1798/155 - (-4)/10. What is the hundreds digit of (-1864)/(-12) - (-4)/(-1*s)?
1
Let l = 7716 - -48017. What is the ten thousands digit of l?
5
Let c be (263 - 14)*(-1 - 10/(-6)). Let h = c + -49. What is the tens digit of h?
1
Suppose -4*m - 5*h + 16810 = 0, 20*h + 30 = 25*h. What is the units digit of m?
5
Suppose 4*g - 3392 - 11344 = 0. What is the hundreds digit of g?
6
Let s be (-4)/2 - (-29 - -3). Let k be 2/s*-3 - (-555)/(-4). Let n = -78 - k. What is the tens digit of n?
6
Let g = 6772 - 2765. What is the units digit of g?
7
Suppose s = -4*g + 7192, -2*g - 2161 - 33821 = -5*s. What is the tens digit of s?
9
Suppose 0 = 7*n + 11 - 32. Suppose r = 5 + n. Suppose r*l - 4*m - 324 = 3*l, -4*l + 2*m + 264 = 0. What is the tens digit of l?
6
Let m(t) = 66*t**2 - 15*t + 1. What is the units digit of m(-4)?
7
Let r = 2165 + -1121. Let z = r - 733. What is the tens digit of z?
1
Suppose -19*s + 25*s - 9990 = 0. Let f = s + -1047. Suppose 4*y - f = 14. What is the hundreds digit of y?
1
Suppose -3*z = -5*s - 4, -7 = -5*s - z + 1. Suppose -3*y = 3 + 6. What is the hundreds digit of 106 + 0 - 2/(y + s)?
1
Suppose -w = i - 5*i - 7, -2 = -w + 3*i. Let g = -111 - w. Let u = -27 - g. What is the tens digit of u?
7
Let r(d) = 31*d**3 + 12*d**2 - 29*d - 5. What is the ten thousands digit of r(7)?
1
Suppose 207710 - 233677 = -243*m + 755278. What is the tens digit of m?
1
Let j(n) = -28*n - 72. Let l = -51 + 46. Let v(f) = -9*f - 24. Let k(b) = l*j(b) + 16*v(b). What is the units digit of k(-11)?
0
Suppose 2*u - 3*s - 745 = 31, 5*s - 808 = -2*u. Let m = u - 230. What is the tens digit of m?
6
Let r = 44 + -41. Suppose -73 = -5*v - r*i + 2*i, v - 5 = 3*i. What is the tens digit of v?
1
Suppose -3*u = -0*u - 5*j - 220, 0 = -3*u - j + 190. Let q = -61 + u. Suppose -q*g + 175 = g. What is the tens digit of g?
3
Suppose 81*k - 51*k - 497070 = 0. What is the hundreds digit of k?
5
Let a(i) = 2*i**2 - 53*i - 8. Let x be a(32). Suppose -339*p = -x*p + 115. What is the tens digit of p?
2
Suppose -t = 6*t - 1134. Suppose 2*z - 372 = t. What is the tens digit of z?
6
Let n = 41018 + -17402. What is the thousands digit of n?
3
Suppose -4*v = 2*t - 22522, -4*t - 5*v + 1324 = -43738. What is the tens digit of t?
7
Suppose -178922 + 34114 = -46*i. Let u = i - 1412. What is the tens digit of u?
3
Let p(g) = g**3 - 19*g**2 + 16*g + 43. Let h be p(18). Suppose 10*q - h*q - 60 = 0. What is the units digit of q?
0
Let x be ((-6)/(-3))/((-282)/(-278) - 1). Let y = 531 - x. What is the units digit of y?
2
Suppose -14*t + 16*t = 616. Let h = 18 + -13. Suppose 0 = 4*g - 2*y - t, 0*g - g - h*y = -99. What is the units digit of g?
9
Let r(u) = 7*u**3 - 4*u**2 + 14*u - 13. Let o be r(8). Suppose 5*g - o = 3153. What is the thousands digit of g?
1
Let i be ((-1)/(20/(-8)))/((-2)/(-180)). Let z = i + 248. What is the hundreds digit of z?
2
Let q(w) = -3*w + 14. Let p = 57 - 52. Let s be q(p). What is the tens digit of s/5 - 1323/(-15)?
8
Let x = -895 + 1425. Let y(r) = 3*r - 16. Let l be y(9). Suppose 16*w - l*w - x = 0. What is the units digit of w?
6
Let m(u) = -6 + 41*u**2 - 99*u**2 + 6*u - 29*u + 45*u**2 - u**3 + 32*u**2. What is the hundreds digit of m(16)?
3
Let p = 63 + -61. Suppose -2*s - 455 = -p*a + 3295, 5*a + 2*s - 9382 = 0. What is the tens digit of a?
7
Suppose 4*p - 132 = 5*s - s, 3*p + 3*s = 111. Let y = p + -33. Suppose y*h + 3*h - 3*b - 399 = 0, -h = 3*b - 87. What is the tens digit of h?
8
Let f be 192 - (2/6)/(3/36). Let j = 72 + f. What is the units digit of j?
0
Let l = 10891 - 3435. What is the tens digit of l?
5
Let y = -75 - -92. Suppose -2*o = 3*j + 2 + y, 3*j + 29 = -4*o. What is the tens digit of ((-2)/18*j)/((-1)/(-321))?
0
Suppose -u + 50 = -138. Let b = 392 - u. What is the hundreds digit of b?
2
Let x(s) = 1861*s**2 - 136*s - 684. What is the ten thousands digit of x(-5)?
4
Let p(q) = 3*q**3 + 10*q**2 - 4*q - 12. Let l(b) = 13*b**3 + 39*b**2 - 17*b - 49. Let z(u) = -2*l(u) + 9*p(u). What is the tens digit of z(-8)?
6
Suppose -17*m + 38*m - 180684 = 0. What is the thousands digit of m?
8
What is the ten thousands digit of (1 + -2)*(-113 - 11566)?
1
Suppose -491780 = -61*n + 1698974. What is the units digit of n?
4
Suppose -21671143 = -230*m - 3263093. What is the thousands digit of m?
0
What is the hundreds digit of -2 - (22 + -23 - (0 - -11692))?
6
Let o = -23 - -16. Let d be (-2)/4*((o - 3) + 0). Suppose -4*u = -2*t + 16, -28 = t - 4*t + d*u. What is the units digit of t?
6
Suppose -83*w - 393246 = -41*w - 49*w. What is the ten thousands digit of w?
5
Suppose -34*h + 32*h = -336. Suppose -2*u - 14 + h = 0. What is the units digit of u?
7
Let t(n) = n**3 - 2*n**2 + 7*n - 7. Let h be t(0). What is the units digit of h/((-7)/1140) + -4?
6
Let k(p) = -3*p**3 - 36*p**2 - 5*p - 121. What is the thousands digit of k(-24)?
0
Suppose 5*q + 1643 = -707. Let l = -457 - q. What is the units digit of l?
3
Let l(u) be the second derivative of 2*u**2 + 6*u + 19/6*u**3 + 0 - 1/12*u**4. What is the units digit of l(10)?
4
Let s(w) = 13*w**2 - 5*w - 15. Let v be s(6). Let f = v + -335. What is the units digit of f?
8
Let p = -45 - -48. Suppose p*j + 3 - 9 = 0. Suppose -83 = -4*f + b + 2*b, 10 = -j*b. What is the units digit of f?
7
Let r(g) = -g**3 + 4*g**2 + 10*g - 8. Let x be r(6). Let q(o) = 3 + 6 - 2*o - 5 - 7. What is the units digit of q(x)?
7
Let s(k) = -k**2 + k + 30. Let l be s(-5). Suppose -h + 11 + 1 = l. Suppose -h*y + 6 = -10*y. What is the units digit of y?
3
Suppose 6*r + 261 = 55851 + 9834. What is the hundreds digit of r?
9
Let m(l) = 487*l**2 + 330*l - 3. What is the tens digit of m(-5)?
2
Let f = -10261 + 10526. What is the hundreds digit of f?
2
Suppose 35*p - 34*p = -32*p + 52932. What is the hundreds digit of p?
6
Let m = -2 + -8. Let s(g) = 2*g + 18. Let c be s(m). What is the tens digit of 2 + (c - -120) + (-2 - -3)?
2
Let d(i) = 2*i**2 + 6*i - 31. Let r be d(-16). Suppose 391*z - 3510 = r*z. What is the tens digit of z?
8
Suppose 16 = -2*c + 2*h, -46 = 3*c + 2*c - 3*h. What is the units digit of 1 + -6 - c - -445?
1
Let k(c) be the third derivative of -13*c**4/24 - 9*c**3 - 3*c**2 + 4. What is the tens digit of k(-10)?
7
Let j be 858/(-44)*20/(-3). Suppose -j - 1575 = -5*t. Let u = -188 + t. What is the tens digit of u?
5
Suppose -12371 = -5*x + 5*s + 3414, 2*x = -4*s + 6320. What is the thousands digit of x?
3
Suppose -c + 10 = -83. Suppose 5*z - 87 = -v - 0*v, c = v + 3*z. What is the tens d